{"id":2856,"date":"2018-05-24T15:19:58","date_gmt":"2018-05-24T13:19:58","guid":{"rendered":"http:\/\/franzerhof.de\/?page_id=2856"},"modified":"2018-05-24T15:26:54","modified_gmt":"2018-05-24T13:26:54","slug":"programs-2","status":"publish","type":"page","link":"http:\/\/franzerhof.de\/?page_id=2856","title":{"rendered":"Datenschutzerkl\u00e4rung"},"content":{"rendered":"<p><strong>Datenschutzerkl\u00e4rung<\/strong><\/p>\n<p>Als Betreiber dieser Seiten nehmen wir den Schutz und die Sicherheit Ihrer pers\u00f6nlichen Daten ernst. Nachfolgend m\u00f6chten wir Sie \u00fcber die Art, den Umfang und die Zwecke der Erhebung und Verwendung personenbezogener Daten auf unserer Website informieren.<\/p>\n<p>Betreiber dieser Website und Verantwortlicher f\u00fcr die Verarbeitung von personenbezogenen Daten im Sinne der Datenschutz-Grundverordnung der Europ\u00e4ischen Union \u201eEU-DSGVO\u201c, des aktuellen Bundesdatenschutzgesetzes \u201eBDSG-neu\u201c sowie des Telemediengesetzes \u201eTMG\u201c ist:<\/p>\n<p>Elisabeth Geislinger<br \/>\nBindergasse 12, 86653 Daiting<\/p>\n<p><strong>Art, Umfang und Zweck der Erhebung, Verarbeitung und Nutzung personenbezogener Daten<\/strong><\/p>\n<p>Die \u00dcbertragung von personenbezogenen Daten erfolgt auf freiwilliger Basis:<\/p>\n<p>Mit Aufruf unserer Webseite \u00fcbermitteln Ihr Browser automatisch Dateien an unseren Webserver. Die \u00dcbertragung dieser Informationen ist technisch bedingt. Diese beinhalten z. B. die vollst\u00e4ndige IP-Adresse des anfragenden Rechners, den zugeh\u00f6rigen Hostname, Angaben zum verwendeten Browser und zum Betriebssystem, Angaben zur Sprache, vorherig besuchte Webseite sowie einen Zeitstempel mit Angaben zum Datum und zur Uhrzeit der Anforderung. Falls Sie JavaScript archiviert haben, werden u.a. auch Angaben zur Bildschirmaufl\u00f6sung sowie der Farbtiefe und der Gr\u00f6\u00dfe des Browserfensters \u00fcbertragen. Unmittelbar nach Aufruf der Webseite wird Ihre IP-Adresse durch Verk\u00fcrzung anonymisiert, so dass es nicht mehr m\u00f6glich ist, einen Bezug zum einzelnen Nutzer herzustellen.<\/p>\n<p>Die \u00fcbrigen o. g. Informationen werden in sog. Server-Log-Files gespeichert. Wir m\u00f6chten darauf hinweisen, dass die Erhebung und Verarbeitung dieser Daten zu dem Zweck erfolgt, die Nutzung unserer Website zu erm\u00f6glichen, die Datensicherheit unserer Website zu gew\u00e4hrleisten sowie die technische Administration zu erm\u00f6glichen. Weiterhin dient die Speicherung der Daten f\u00fcr Zwecke der statistischen Auswertung. Eine Weitergabe an Dritte erfolgt nicht. In Ausnahmef\u00e4llen, also bei berechtigten technischen Interessen zum Schutz der technischen Infrastruktur des Providers, kann eine IP-Adresse zur Abwehr von technischen Angriffen gespeichert werden. Dies w\u00e4re der Fall, wenn Angriffe akut bemerkt werden, oder eine Webseite eine derart wichtige Position einnimmt, dass mit einem Angriff zu rechnen ist. Auch in solchen Ausnahmef\u00e4llen, wird die IP-Adresse nach sp\u00e4testens 7 Tagen nach Abschluss des Vorgangs gel\u00f6scht. Im Falle von strafrechtlichen Ermittlungen gelten die gesetzlichen Vorgaben.<\/p>\n<p>Soweit Sie ein von uns ev. angebotenes Webformular nutzen und uns darin personenbezogene Daten mitteilen bzw. Sie sich per E-Mail an uns wenden, werden wir Ihre personenbezogenen Daten allein zum Zweck der Bearbeitung Ihrer Anfrage erhoben, verarbeitet und genutzt.<\/p>\n<p><strong>Weitergabe Ihrer Daten an Dritte<\/strong><\/p>\n<p>Eine Weitergabe Ihrer Daten an Dritte erfolgt nicht.<\/p>\n<p><strong>Auskunft, Berichtigung, Sperrung und L\u00f6schung Ihrer Daten<\/strong><\/p>\n<p>Sie haben jederzeit das Recht auf unentgeltliche Auskunft \u00fcber Ihre gespeicherten personenbezogenen Daten, deren Herkunft und Empf\u00e4nger und den Zweck der Datenverarbeitung sowie ein Recht auf Berichtigung, Sperrung oder L\u00f6schung dieser Daten. Bitte kontaktieren Sie dazu unseren Datenschutzbeauftragten per E-Mail an <\/p>\n<p>info@franzerhof.de. F\u00fcr eine postalische Kontaktaufnahme finden Sie die vollst\u00e4ndige Adresse weiter unten.<\/p>\n<p><strong>Cookies<\/strong><\/p>\n<p>Ein Teil unserer Dienste auf dieser Website erfordert die Verwendung von Cookies. Bei Cookies handelt es sich um kleine Textdateien, welche Ihr Internetbrowser auf Ihrem Rechner speichert. In Cookies k\u00f6nnen Informationen \u00fcber Ihren Besuch auf unserer Website gespeichert werden. Auch wird z. B. eine eindeutige ID zu Ihnen gespeichert. Dies erm\u00f6glicht die Wiedererkennung, wenn Sie erneut unsere Seiten besuchen. Damit k\u00f6nnen dann bestimmte Voreinstellungen getroffen werden.<\/p>\n<p>Unsere Website verwendet auch sog. Session-Cookies. <\/p>\n<p>Diese Session Cookies rufen keine auf Ihrer Festplatte \u00fcber Sie gespeicherten Informationen ab.<\/p>\n<p>Die meisten Browser sind so eingestellt, dass sie Cookies automatisch akzeptieren. Sie k\u00f6nnen das Speichern von Cookies jedoch deaktivieren oder ihren Browser so einstellen, dass er Sie auf die Sendung von Cookies hinweist. Wenn Sie Cookies ablehnen, kann dies zur Folge haben, dass ein Teil unserer Dienste nicht verf\u00fcgbar ist bzw. nicht funktioniert.<\/p>\n<p><strong>Social Media, Analysetools<\/strong><\/p>\n<p>Wir verwenden auf unserer Website keine Social-Media &#8211; Plug-ins sowie keine Tracking- oder Analysetools.<\/p>\n<p><strong>Zust\u00e4ndige Beh\u00f6rde, Beschwerderecht<\/strong><\/p>\n<p>In Bayern ist die zust\u00e4ndige Beh\u00f6rde das Bayerische Landesamt f\u00fcr Datenschutzaufsicht (BayLDA). Bei Verst\u00f6\u00dfen gegen Datenschutzgesetze bayerischer verantwortlicher Stellen haben Sie das Recht, eine Beschwerde abzugeben.<\/p>\n<p><strong>Ansprechpartner Datenschutz<\/strong><\/p>\n<p>F\u00fcr weitergehende Fragen zum Datenschutz sowie dieser Datenschutzerkl\u00e4rung wenden Sie sich bitte an unseren Datenschutzbeauftragten:<\/p>\n<p>Elisabeth Geislinger<br \/>\nBindergasse 12, 86653 Daiting<\/p>\n<p>09091\/907162<br \/>\ninfo@franzerhof.de<\/p>\n","protected":false},"excerpt":{"rendered":"<p>Datenschutzerkl\u00e4rung Als Betreiber dieser Seiten nehmen wir den Schutz und die Sicherheit Ihrer pers\u00f6nlichen Daten ernst. Nachfolgend m\u00f6chten wir Sie \u00fcber die Art, den Umfang und<span class=\"excerpt-hellip\"> [\u2026]<\/span><\/p>\n","protected":false},"author":2,"featured_media":0,"parent":0,"menu_order":0,"comment_status":"closed","ping_status":"closed","template":"","meta":{"ngg_post_thumbnail":0},"_links":{"self":[{"href":"http:\/\/franzerhof.de\/index.php?rest_route=\/wp\/v2\/pages\/2856"}],"collection":[{"href":"http:\/\/franzerhof.de\/index.php?rest_route=\/wp\/v2\/pages"}],"about":[{"href":"http:\/\/franzerhof.de\/index.php?rest_route=\/wp\/v2\/types\/page"}],"author":[{"embeddable":true,"href":"http:\/\/franzerhof.de\/index.php?rest_route=\/wp\/v2\/users\/2"}],"replies":[{"embeddable":true,"href":"http:\/\/franzerhof.de\/index.php?rest_route=%2Fwp%2Fv2%2Fcomments&post=2856"}],"version-history":[{"count":3,"href":"http:\/\/franzerhof.de\/index.php?rest_route=\/wp\/v2\/pages\/2856\/revisions"}],"predecessor-version":[{"id":2859,"href":"http:\/\/franzerhof.de\/index.php?rest_route=\/wp\/v2\/pages\/2856\/revisions\/2859"}],"wp:attachment":[{"href":"http:\/\/franzerhof.de\/index.php?rest_route=%2Fwp%2Fv2%2Fmedia&parent=2856"}],"curies":[{"name":"wp","href":"https:\/\/api.w.org\/{rel}","templated":true}]}}